{"id":32,"date":"2018-07-24T19:16:58","date_gmt":"2018-07-24T19:16:58","guid":{"rendered":"https:\/\/hypnosemethodik.ch\/?page_id=32"},"modified":"2020-09-27T10:12:07","modified_gmt":"2020-09-27T08:12:07","slug":"methodik","status":"publish","type":"page","link":"https:\/\/hypnosemethodik.ch\/?page_id=32","title":{"rendered":"Methodik"},"content":{"rendered":"<p><img loading=\"lazy\" class=\"alignright size-medium wp-image-100\" src=\"https:\/\/hypnosemethodik.ch\/wp-content\/uploads\/2018\/07\/Hypnosegrafik-300x286.jpg\" alt=\"\" width=\"300\" height=\"286\" srcset=\"https:\/\/hypnosemethodik.ch\/wp-content\/uploads\/2018\/07\/Hypnosegrafik-300x286.jpg 300w, https:\/\/hypnosemethodik.ch\/wp-content\/uploads\/2018\/07\/Hypnosegrafik.jpg 619w\" sizes=\"(max-width: 300px) 100vw, 300px\" \/>Als Br\u00fccke zwischen K\u00f6rper und Seele \u00f6ffnet die hypnotische Trance neue Bewusstseinsebenen, auf denen eigene Ressourcen aktiviert, unterschiedliche St\u00f6rungen therapiert oder krank machende Muster ver\u00e4ndert werden k\u00f6nnen.<\/p>\n<p>Der Modus heutiger Hypnosen basiert im Wesentlichen auf Konzepten des amerikanischen Psychiaters Milton H. Erickson (1901-1980), des eigentlichen Begr\u00fcnders der modernen Hypnotherapie. Erickson betonte die Achtung vor dem Patienten und seiner Selbstbestimmung. Gegen den eigenen Willen kann ohnehin niemand hypnotisiert werden.<\/p>\n<p>Eines der \u00e4ltesten rituellen Heilverfahren erweist sich zur Therapie moderner Zivilisationskrankheiten als n\u00fctzlich: Mit Hypnose r\u00fccken Psychotherapeuten und Mediziner Heuschnupfen und Asthma, Essst\u00f6rungen oder Hyperaktivit\u00e4t, Symptomen chronischer Leiden oder \u00c4ngsten zu Leibe &#8211; im Sinne des Wortes. Denn hypnotische Trance erfasst den ganzen Menschen. Sie \u00abspielt\u00bb mit der menschlichen F\u00e4higkeit, sich mit Leib und Seele in Tagtr\u00e4umen zu verlieren, beim Warten oder Autofahren, an Hochzeiten oder Beerdigungen unmerklich in andere Welten zu gleiten.<\/p>\n<p>Im Gegensatz zur Hypnosetherapie bewegen sich andere Methoden oft nur auf der Bewusstseinsebene und k\u00f6nnen damit nicht die wahren Gr\u00fcnde f\u00fcr die Entstehung eines Problems aufdecken. Die Hypnose dagegen ist eine der wirksamsten Methoden, um im Unterbewusstsein den Ausl\u00f6ser f\u00fcr das Symptom zu finden, ihn zu neutralisieren und den urspr\u00fcnglichen nat\u00fcrlichen Zustand wiederherzustellen.<\/p>\n<p><em>Eine Hypnosetherapie ersetzt keinen Arzttermin oder Medikamente.<\/em><\/p>\n<p>Die Behandlung ist nicht Krankenkassenanerkannt.<br \/>\nDie Preise sind:<br \/>\nHypnosesitzung pro Stunde CHF 130.-<br \/>\nDie erste Sitzung dauert 2-3 Stunden.<\/p>\n","protected":false},"excerpt":{"rendered":"<p>Als Br\u00fccke zwischen K\u00f6rper und Seele \u00f6ffnet die hypnotische Trance neue Bewusstseinsebenen, auf denen eigene Ressourcen aktiviert, unterschiedliche St\u00f6rungen therapiert oder krank machende Muster ver\u00e4ndert werden k\u00f6nnen. Der Modus heutiger Hypnosen basiert im Wesentlichen auf Konzepten des amerikanischen Psychiaters Milton H. Erickson (1901-1980), des eigentlichen Begr\u00fcnders der modernen Hypnotherapie. Erickson betonte die Achtung vor dem &hellip; <\/p>\n<p class=\"link-more\"><a href=\"https:\/\/hypnosemethodik.ch\/?page_id=32\" class=\"more-link\"><span class=\"screen-reader-text\">&#8222;Methodik&#8220;<\/span> weiterlesen<\/a><\/p>\n","protected":false},"author":1,"featured_media":0,"parent":0,"menu_order":0,"comment_status":"closed","ping_status":"closed","template":"","meta":[],"_links":{"self":[{"href":"https:\/\/hypnosemethodik.ch\/index.php?rest_route=\/wp\/v2\/pages\/32"}],"collection":[{"href":"https:\/\/hypnosemethodik.ch\/index.php?rest_route=\/wp\/v2\/pages"}],"about":[{"href":"https:\/\/hypnosemethodik.ch\/index.php?rest_route=\/wp\/v2\/types\/page"}],"author":[{"embeddable":true,"href":"https:\/\/hypnosemethodik.ch\/index.php?rest_route=\/wp\/v2\/users\/1"}],"replies":[{"embeddable":true,"href":"https:\/\/hypnosemethodik.ch\/index.php?rest_route=%2Fwp%2Fv2%2Fcomments&post=32"}],"version-history":[{"count":10,"href":"https:\/\/hypnosemethodik.ch\/index.php?rest_route=\/wp\/v2\/pages\/32\/revisions"}],"predecessor-version":[{"id":180,"href":"https:\/\/hypnosemethodik.ch\/index.php?rest_route=\/wp\/v2\/pages\/32\/revisions\/180"}],"wp:attachment":[{"href":"https:\/\/hypnosemethodik.ch\/index.php?rest_route=%2Fwp%2Fv2%2Fmedia&parent=32"}],"curies":[{"name":"wp","href":"https:\/\/api.w.org\/{rel}","templated":true}]}}